 a factor of 788795?
True
Is 160179 a multiple of 203?
False
Does 52 divide 945592?
False
Does 101 divide 763103?
False
Is 46477 a multiple of 94?
False
Does 75 divide 3521400?
True
Does 649 divide 92807?
True
Is 235654 a multiple of 49?
False
Is 7 a factor of 130092?
False
Does 13 divide 156805?
False
Is 1004093 a multiple of 19?
True
Is 70 a factor of 1723890?
True
Does 6 divide 8069357?
False
Is 17 a factor of 120955?
True
Is 22 a factor of 9787?
False
Does 274 divide 2943586?
False
Is 4145004 a multiple of 17?
False
Is 5 a factor of 3276?
False
Is 2037036 a multiple of 196?
False
Does 10 divide 1216540?
True
Is 1716023 a multiple of 703?
True
Is 19 a factor of 1245374?
True
Is 71083 a multiple of 31?
True
Does 25 divide 10968175?
True
Is 7503 a multiple of 3?
True
Is 178677 a multiple of 27?
False
Is 5489123 a multiple of 858?
False
Is 57228 a multiple of 6?
True
Is 384 a factor of 1086726?
False
Does 66 divide 146454?
True
Is 1465 a factor of 25443262?
False
Is 127228 a multiple of 100?
False
Is 136 a factor of 12382936?
True
Is 1007 a factor of 886160?
True
Is 397879 a multiple of 487?
True
Is 245 a factor of 4909249?
False
Is 85 a factor of 1723108?
False
Is 395831 a multiple of 3?
False
Does 35 divide 3438775?
False
Is 320515 a multiple of 254?
False
Does 246 divide 6354426?
True
Is 63 a factor of 2640693?
False
Is 9574578 a multiple of 598?
True
Does 378 divide 4220748?
True
Is 86543 a multiple of 153?
False
Is 675 a factor of 1099575?
True
Does 12 divide 33523?
False
Is 1101 a factor of 730082?
False
Does 186 divide 6750870?
True
Is 76693 a multiple of 153?
False
Does 66 divide 1831574?
False
Is 1534498 even?
True
Does 119 divide 404388?
False
Does 41 divide 610538?
False
Is 10015967 a multiple of 13?
True
Is 3097585 a multiple of 265?
True
Is 107625 a multiple of 15?
True
Is 19 a factor of 37582?
True
Is 57456 a multiple of 7?
True
Is 87 a factor of 10693518?
True
Is 70 a factor of 1663200?
True
Is 13703589 a multiple of 687?
True
Does 106 divide 1956018?
True
Is 237076 a multiple of 7?
True
Is 93294 a multiple of 9?
True
Does 117 divide 141219?
True
Is 255 a factor of 601663?
False
Does 314 divide 84780?
True
Does 22 divide 1970804?
True
Does 15 divide 10739190?
True
Is 2 a factor of 10354?
True
Is 44 a factor of 114416?
False
Does 108 divide 596980?
False
Is 356400 a multiple of 662?
False
Is 17 a factor of 207004?
False
Does 27 divide 13865?
False
Does 8 divide 4869348?
False
Does 28 divide 167048?
True
Does 10 divide 64923?
False
Is 526132 a multiple of 62?
True
Is 22 a factor of 356312?
True
Is 5 a factor of 1005?
True
Does 22 divide 127270?
True
Does 17 divide 26964?
False
Is 61 a factor of 174890?
False
Does 326 divide 6772324?
True
Is 12849829 a multiple of 110?
False
Is 6442705 a multiple of 70?
False
Is 1517199 a multiple of 4?
False
Is 305 a factor of 79472?
False
Is 2442439 a multiple of 9?
False
Does 25 divide 2406300?
True
Is 12 a factor of 109020?
True
Is 13 a factor of 512512?
True
Does 14 divide 8375654?
True
Does 121 divide 247570?
False
Does 89 divide 827967?
True
Is 3 a factor of 148425?
True
Does 57 divide 274501?
False
Is 28 a factor of 4299540?
True
Is 437052 a multiple of 242?
True
Is 1004816 a multiple of 947?
False
Is 3933228 a multiple of 4?
True
Is 332683 a multiple of 13?
True
Does 40 divide 2223713?
False
Is 13 a factor of 8102?
False
Does 14 divide 384692?
True
Is 18 a factor of 250024?
False
Does 206 divide 157796?
True
Does 24 divide 34156?
False
Is 13 a factor of 2541955?
True
Is 6 a factor of 44315?
False
Does 238 divide 67453?
False
Is 250 a factor of 349415?
False
Is 142 a factor of 2692336?
False
Is 131355 a multiple of 35?
True
Does 637 divide 3514420?
False
Is 923 a factor of 9394294?
True
Does 79 divide 1944559?
False
Is 12499240 a multiple of 13?
True
Is 5 a factor of 150745?
True
Is 502393 a multiple of 159?
False
Does 792 divide 4661543?
False
Is 95 a factor of 8684?
False
Is 38 a factor of 6274142?
True
Is 70602 a multiple of 82?
True
Is 22 a factor of 442113?
False
Is 21 a factor of 108200?
False
Does 16 divide 503936?
True
Is 228975 a multiple of 215?
True
Does 14 divide 1167712?
True
Is 1739076 a multiple of 69?
True
Is 1779247 a multiple of 31?
False
Is 165 a factor of 1812376?
False
Does 255 divide 212415?
True
Is 67 a factor of 10912424?
True
Is 43 a factor of 6356948?
True
Is 1452244 a multiple of 11?
False
Does 49 divide 12195?
False
Does 6 divide 515599?
False
Does 7 divide 15717483?
False
Is 637125 a multiple of 15?
True
Is 203 a factor of 1076712?
True
Is 72 a factor of 21019680?
True
Does 276 divide 1424665?
False
Does 1062 divide 5730206?
False
Is 9661330 a multiple of 70?
True
Does 622 divide 1778081?
False
Is 1219842 a multiple of 78?
True
Does 13 divide 200530?
False
Is 641 a factor of 2785145?
True
Is 4353145 a multiple of 858?
False
Is 569546 a multiple of 83?
True
Is 91 a factor of 62881?
True
Is 1043541 a multiple of 22?
False
Is 155608 a multiple of 53?
True
Is 12 a factor of 253839?
False
Is 1851769 a multiple of 228?
False
Is 16 a factor of 4800?
True
Is 3 a factor of 21074?
False
Is 10340560 a multiple of 19?
True
Is 438445 a multiple of 132?
False
Is 259805 a multiple of 35?
True
Is 4961625 a multiple of 375?
True
Is 364 a factor of 21774294?
False
Is 6323184 a multiple of 965?
False
Does 33 divide 1694946?
True
Is 78000 a multiple of 10?
True
Is 562671 a multiple of 9?
True
Is 33 a factor of 217911?
False
Is 425 a factor of 281775?
True
Is 229 a factor of 2334197?
True
Is 97 a factor of 204413?
False
Is 3204 a multiple of 12?
True
Is 16 a factor of 2173175?
False
Does 178 divide 445000?
True
Is 14 a factor of 15408?
False
Does 374 divide 87890?
True
Is 157 a factor of 201117?
True
Is 107 a factor of 265788?
True
Is 27 a factor of 3776598?
True
Is 10 a factor of 5242960?
True
Is 2 a factor of 61372?
True
Is 23 a factor of 4413378?
True
Is 14 a factor of 3366138?
False
Does 210 divide 59872?
False
Does 24 divide 223368?
True
Does 3 divide 15681?
True
Is 504 a factor of 10705968?
True
Is 136 a factor of 4567152?
True
Is 659949 a multiple of 3?
True
Is 19 a factor of 7976624?
False
Is 628 a factor of 790024?
True
Is 1614297 a multiple of 173?
False
Is 24 a factor of 1768574?
False
Is 5 a factor of 27055?
True
Is 107030 a multiple of 154?
True
Does 14 divide 1922275?
False
Is 9142966 a multiple of 991?
True
Is 7 a factor of 236506?
False
Is 22 a factor of 4287347?
False
Is 6768113 a multiple of 1727?
True
Does 21 divide 204020?
False
Does 634 divide 1007426?
True
Is 138924 a multiple of 204?
True
Is 121 a factor of 88338?
False
Is 16618 a multiple of 2?
True
Is 71027 a multiple of 104?
False
Is 181150 a multiple of 50?
True
Does 10 divide 9095460?
True
Is 527510 a multiple of 17?
True
Does 2 divide 46704?
True
Is 58 a factor of 700184?
False
Is 21 a factor of 901257?
True
Does 15 divide 4901843?
False
Is 14 a factor of 3166342?
False
Does 6 divide 118056?
True
Is 361 a factor of 114437?
True
Is 985608 a multiple of 351?
True
Is 9600 a multiple of 16?
True
Is 736 a factor of 1162956?
False
Does 10 divide 243240?
True
Is 22419326 a multiple of 202?
False
Is 13 a factor of 678158?
True
Is 11421432 a multiple of 39?
False
Does 118 divide 152349?
False
Is 94 a factor of 3934829?
False
Is 23618775 a multiple of 129?
False
Is 253849 a multiple of 11?
False
Is 12 a factor of 377184?
True
Is 77 a factor of 20033?
False
Is 15 a factor of 351165?
True
Is 1011 a factor of 3755892?
False
Does 25 divide 109767?
False
Is 159181 a multiple of 44?
False
Is 75 a factor of 28875?
True
Is 8181163 a multiple of 53?
False
Does 65 divide 861510?
True
Does 21 divide 1270265?
False
Is 3999375 a multiple of 395?
True
Is 35 a factor of 299244?
False
Does 29 divide 29914834?
True
Does 667 divide 338201?
False
Is 25 a factor of 7685125?
True
Is 114861 a multiple of 2?
False
Does 185 divide 5322945?
False
Is 180540 a multiple of 36?
True
Is 648641 a multiple of 133?
True
Does 70 divide 108150?
True
Is 3511535 a multiple of 147?
False
Is 97239 a multiple of 17?
False
Is 3 a factor of 467535?
True
Is 16 a factor of 432896?
True
Is 2425 a factor of 34042058?
False
Is 211 a factor of 2557320?
True
Is 759 a factor of 4231689?
False
Is 150000 a multiple of 240?
True
Is 43 a factor of 204809?
True
I